{"id":11,"date":"2020-03-10T13:16:13","date_gmt":"2020-03-10T13:16:13","guid":{"rendered":"https:\/\/meerjungfrei.ch\/?page_id=11"},"modified":"2021-10-02T18:18:10","modified_gmt":"2021-10-02T18:18:10","slug":"route","status":"publish","type":"page","link":"https:\/\/meerjungfrei.ch\/?page_id=11","title":{"rendered":"Reise"},"content":{"rendered":"\n<p>Als wir die Reise geplant haben, war unsere Wunschvorstellung mit einer Kokosnuss unter karibischen Palmen zu liegen, doch wie das Leben so spielt kam es &#8211; Corona bedingt &#8211; anders. Aber lest doch selbst, wohin uns der Wind bisher geblasen hat. <\/p>\n\n\n\n<p>Unser Startpunkt war am 22. September San Giorgio di Nogaro (zwischen Venedig und Triest) in Norditalien. Unseren ersten Monat verbrachten wir deshalb direkt in Kroatien und segelten dort die K\u00fcste entlang in den S\u00fcden.&nbsp; Unsere erste gr\u00f6ssere \u00dcberfahrt war von Split nach Bari in Italien. Wir umsegelten den Stiefel, verbrachten eine tolle Zeit auf den \u00e4olischen Inseln und in Palermo und setzten von dort \u00fcber nach Sardinien.&nbsp;Vom herbstlichen Sardinien segelten wir auf die nasskalten Balearen, vor allem Menorca hat uns sehr gut gefallen und k\u00f6nnen wir nur empfehlen!<\/p>\n\n\n\n<p>Weihnachten haben wir in Estepona, einem St\u00e4dtchen Nahe der Strasse von Gibraltar, verbracht. Kurz darauf,  am 29. Dezember haben sind wir dann unsere bis dorthin gr\u00f6sste \u00dcberfahrt angetreten. 5 Tage waren wir auf dem Nordatlantik unterwegs und sind v\u00f6llig \u00fcberm\u00fcdet und gl\u00fccklich auf Lanzarote angekommen. <\/p>\n\n\n\n<p>Die Wintersaison haben wir dann genutzt, um sechs von den sieben kanarischen Inseln intensiv zu bereisen und zu umsegeln.                              Mit etwas wehmut haben wir Ende April von Tazacorte (La Palma) aus, ein passendes Wetterfenster gesucht um unsere, so ins Herz geschlossenen, kanarischen Inseln zu verlassen und Kurs Richtung Madeira zu nehmen.<\/p>\n\n\n\n<p>Nach einer wundersch\u00f6nen Woche auf Madeira haben wir die Winde genutzt und sind zur\u00fcck nach Gibraltar gesegelt. Ein Ort welcher uns sehr gut gefallen hat. Kurz darauf, kamen wir in Almerima aus dem Wasser und haben zwei Wochen auf dem Trockendock verbracht. Dort nutzten wir die Zeit um ein neues Getriebe in das Bugstrahlruder einzubauen und einige andere Dinge wie unseren Boden neu zu schleifen und lackieren. <\/p>\n\n\n\n<p>\u00dcber Formentera und Sardinien ging es f\u00fcr uns nach Sizilien, wo wir drei wundersch\u00f6ne Wochen verbracht haben. Besonders Catania und der dortige Fischmarkt haben uns sehr gut gefallen. Nach Sizilien sind wir nach Griechenland \u00fcbergesetzt und waren dort vor allem entlang des Peloponnes unterwegs und haben die warmen Temperaturen, die griechische Gastfreundschaft und das leckere Essen genossen. <\/p>\n\n\n\n<p>Die darauffolgenden zwei Wochen haben wir (\u00fcberwiegend mit dem Auto) Albanien erkundet und waren begeistert von dem f\u00fcr uns bis dato unbekannten Land. <\/p>\n\n\n\n<p> Auf das unbekannte Albanien folgte das vor allem Mike sehr bekannte Kroatien. W\u00e4hrend wir ganz im S\u00fcden neue Orte entdecken konnten hat es uns sehr gefreut weiter oben im Norden uns einige schon bekannte Orte wieder zu besuchen und hier den letzten Monat unserer Reise zu verbringen. <\/p>\n\n\n\n<p>Am 29.09.2021 sind wir dann mit unserer Principessa zur\u00fcck in den Hafen von San Giorgio di Nogaro eingelaufen und haben somit die Reise dort beendet wo wir sie begonnen haben. <\/p>\n\n\n\n<p><em><strong>Aktuell <\/strong><\/em>verbringen wir noch ein paar Tage auf der Principessa um diese winterfest zu machen und sie noch einmal mit einem kleinen Wellnessprogramm zu verw\u00f6hnen bevor es ab dem 10ten Oktober zur\u00fcck in die Schweiz geht. <\/p>\n\n\n\n<div style=\"height:100px\" aria-hidden=\"true\" class=\"wp-block-spacer\"><\/div>\n\n\n\n<p><\/p>\n","protected":false},"excerpt":{"rendered":"<p>Als wir die Reise geplant haben, war unsere Wunschvorstellung mit einer Kokosnuss unter karibischen Palmen zu liegen, doch wie das Leben so spielt kam es &#8211; Corona bedingt &#8211; anders. Aber lest doch selbst, wohin uns der Wind bisher geblasen hat. Unser Startpunkt war am 22. September San Giorgio di [&hellip;]<\/p>\n","protected":false},"author":1,"featured_media":0,"parent":0,"menu_order":0,"comment_status":"closed","ping_status":"closed","template":"","meta":{"_monsterinsights_skip_tracking":false,"_monsterinsights_sitenote_active":false,"_monsterinsights_sitenote_note":"","_monsterinsights_sitenote_category":0},"_links":{"self":[{"href":"https:\/\/meerjungfrei.ch\/index.php?rest_route=\/wp\/v2\/pages\/11"}],"collection":[{"href":"https:\/\/meerjungfrei.ch\/index.php?rest_route=\/wp\/v2\/pages"}],"about":[{"href":"https:\/\/meerjungfrei.ch\/index.php?rest_route=\/wp\/v2\/types\/page"}],"author":[{"embeddable":true,"href":"https:\/\/meerjungfrei.ch\/index.php?rest_route=\/wp\/v2\/users\/1"}],"replies":[{"embeddable":true,"href":"https:\/\/meerjungfrei.ch\/index.php?rest_route=%2Fwp%2Fv2%2Fcomments&post=11"}],"version-history":[{"count":49,"href":"https:\/\/meerjungfrei.ch\/index.php?rest_route=\/wp\/v2\/pages\/11\/revisions"}],"predecessor-version":[{"id":1653,"href":"https:\/\/meerjungfrei.ch\/index.php?rest_route=\/wp\/v2\/pages\/11\/revisions\/1653"}],"wp:attachment":[{"href":"https:\/\/meerjungfrei.ch\/index.php?rest_route=%2Fwp%2Fv2%2Fmedia&parent=11"}],"curies":[{"name":"wp","href":"https:\/\/api.w.org\/{rel}","templated":true}]}}

<p>Als wir die Reise geplant haben, war unsere Wunschvorstellung mit einer Kokosnuss unter karibischen Palmen zu liegen, doch wie das Leben so spielt kam es &#8211; Corona bedingt &#8211; anders. Aber lest doch selbst, wohin uns der Wind bisher geblasen hat. </p>



<p>Unser Startpunkt war am 22. September San Giorgio di Nogaro (zwischen Venedig und Triest) in Norditalien. Unseren ersten Monat verbrachten wir deshalb direkt in Kroatien und segelten dort die Küste entlang in den Süden.&nbsp; Unsere erste grössere Überfahrt war von Split nach Bari in Italien. Wir umsegelten den Stiefel, verbrachten eine tolle Zeit auf den äolischen Inseln und in Palermo und setzten von dort über nach Sardinien.&nbsp;Vom herbstlichen Sardinien segelten wir auf die nasskalten Balearen, vor allem Menorca hat uns sehr gut gefallen und können wir nur empfehlen!</p>



<p>Weihnachten haben wir in Estepona, einem Städtchen Nahe der Strasse von Gibraltar, verbracht. Kurz darauf,  am 29. Dezember haben sind wir dann unsere bis dorthin grösste Überfahrt angetreten. 5 Tage waren wir auf dem Nordatlantik unterwegs und sind völlig übermüdet und glücklich auf Lanzarote angekommen. </p>



<p>Die Wintersaison haben wir dann genutzt, um sechs von den sieben kanarischen Inseln intensiv zu bereisen und zu umsegeln.                              Mit etwas wehmut haben wir Ende April von Tazacorte (La Palma) aus, ein passendes Wetterfenster gesucht um unsere, so ins Herz geschlossenen, kanarischen Inseln zu verlassen und Kurs Richtung Madeira zu nehmen.</p>



<p>Nach einer wunderschönen Woche auf Madeira haben wir die Winde genutzt und sind zurück nach Gibraltar gesegelt. Ein Ort welcher uns sehr gut gefallen hat. Kurz darauf, kamen wir in Almerima aus dem Wasser und haben zwei Wochen auf dem Trockendock verbracht. Dort nutzten wir die Zeit um ein neues Getriebe in das Bugstrahlruder einzubauen und einige andere Dinge wie unseren Boden neu zu schleifen und lackieren. </p>



<p>Über Formentera und Sardinien ging es für uns nach Sizilien, wo wir drei wunderschöne Wochen verbracht haben. Besonders Catania und der dortige Fischmarkt haben uns sehr gut gefallen. Nach Sizilien sind wir nach Griechenland übergesetzt und waren dort vor allem entlang des Peloponnes unterwegs und haben die warmen Temperaturen, die griechische Gastfreundschaft und das leckere Essen genossen. </p>



<p>Die darauffolgenden zwei Wochen haben wir (überwiegend mit dem Auto) Albanien erkundet und waren begeistert von dem für uns bis dato unbekannten Land. </p>



<p> Auf das unbekannte Albanien folgte das vor allem Mike sehr bekannte Kroatien. Während wir ganz im Süden neue Orte entdecken konnten hat es uns sehr gefreut weiter oben im Norden uns einige schon bekannte Orte wieder zu besuchen und hier den letzten Monat unserer Reise zu verbringen. </p>



<p>Am 29.09.2021 sind wir dann mit unserer Principessa zurück in den Hafen von San Giorgio di Nogaro eingelaufen und haben somit die Reise dort beendet wo wir sie begonnen haben. </p>



<p><em><strong>Aktuell </strong></em>verbringen wir noch ein paar Tage auf der Principessa um diese winterfest zu machen und sie noch einmal mit einem kleinen Wellnessprogramm zu verwöhnen bevor es ab dem 10ten Oktober zurück in die Schweiz geht. </p>



<div style="height:100px" aria-hidden="true" class="wp-block-spacer"></div>



<p></p>
