{"id":174,"date":"2020-05-03T17:07:36","date_gmt":"2020-05-03T17:07:36","guid":{"rendered":"https:\/\/meerjungfrei.ch\/?page_id=174"},"modified":"2021-10-02T18:27:24","modified_gmt":"2021-10-02T18:27:24","slug":"die-idee","status":"publish","type":"page","link":"https:\/\/meerjungfrei.ch\/?page_id=174","title":{"rendered":"Die Idee"},"content":{"rendered":"\n<p>Unsere Idee und viel mehr unser Wunsch war es mit dem eigenen Boot die Welt zu erkunden. Es ging dabei nicht unbedingt darum sich Seglerisch besonderen Situationen auszusetzen, sondern eher auf eine entschleunigende Art und Weise, mit dem eigenen (schwimmenden) Zuhause die Meere zu entdecken. <\/p>\n\n\n\n<p>Wir blicken nun zur\u00fcck auf knapp \u00fcber ein Jahr reisen, auf unendlich viele Orte die wir entdeckt haben und Fremde die zu Freunden wurden. Wir sind erf\u00fcllt von all den wunderbaren Momenten und dennoch blicken wir auch voller Zuversicht in die Zukunft. Denn unsere Reise war keine Flucht aus dem Alltag sondern eine Form wie wir aktiv unseren Alltag gestaltet haben. <\/p>\n\n\n\n<p>K\u00fcnftig wollender deshalb andere ermutigen nicht nur auf den Kopf sondern auch auf das Herz zu h\u00f6ren, wenn sich Pl\u00e4ne \u00e4ndern trotzdem weiter zu machen und nicht aufzugeben. Das hat uns vor allem auch Corona gezeigt, w\u00e4hrend des Lockdowns haben wir einige Male \u00fcberlegt ob es sich nicht lohnt die Reise weiter zu planen und was sollen wir sagen? Ja es hat sich gelohnt! <\/p>\n","protected":false},"excerpt":{"rendered":"<p>Unsere Idee und viel mehr unser Wunsch war es mit dem eigenen Boot die Welt zu erkunden. Es ging dabei nicht unbedingt darum sich Seglerisch besonderen Situationen auszusetzen, sondern eher auf eine entschleunigende Art und Weise, mit dem eigenen (schwimmenden) Zuhause die Meere zu entdecken. Wir blicken nun zur\u00fcck auf [&hellip;]<\/p>\n","protected":false},"author":1,"featured_media":0,"parent":0,"menu_order":0,"comment_status":"closed","ping_status":"closed","template":"","meta":{"_monsterinsights_skip_tracking":false,"_monsterinsights_sitenote_active":false,"_monsterinsights_sitenote_note":"","_monsterinsights_sitenote_category":0},"_links":{"self":[{"href":"https:\/\/meerjungfrei.ch\/index.php?rest_route=\/wp\/v2\/pages\/174"}],"collection":[{"href":"https:\/\/meerjungfrei.ch\/index.php?rest_route=\/wp\/v2\/pages"}],"about":[{"href":"https:\/\/meerjungfrei.ch\/index.php?rest_route=\/wp\/v2\/types\/page"}],"author":[{"embeddable":true,"href":"https:\/\/meerjungfrei.ch\/index.php?rest_route=\/wp\/v2\/users\/1"}],"replies":[{"embeddable":true,"href":"https:\/\/meerjungfrei.ch\/index.php?rest_route=%2Fwp%2Fv2%2Fcomments&post=174"}],"version-history":[{"count":7,"href":"https:\/\/meerjungfrei.ch\/index.php?rest_route=\/wp\/v2\/pages\/174\/revisions"}],"predecessor-version":[{"id":1654,"href":"https:\/\/meerjungfrei.ch\/index.php?rest_route=\/wp\/v2\/pages\/174\/revisions\/1654"}],"wp:attachment":[{"href":"https:\/\/meerjungfrei.ch\/index.php?rest_route=%2Fwp%2Fv2%2Fmedia&parent=174"}],"curies":[{"name":"wp","href":"https:\/\/api.w.org\/{rel}","templated":true}]}}