{"id":7,"date":"2020-03-10T13:15:38","date_gmt":"2020-03-10T13:15:38","guid":{"rendered":"https:\/\/meerjungfrei.ch\/?page_id=7"},"modified":"2021-09-23T09:03:18","modified_gmt":"2021-09-23T09:03:18","slug":"crew","status":"publish","type":"page","link":"https:\/\/meerjungfrei.ch\/?page_id=7","title":{"rendered":"CREW"},"content":{"rendered":"\n<div class=\"is-layout-flow wp-block-group\"><div class=\"wp-block-group__inner-container\"><\/div><\/div>\n\n\n\n<div class=\"is-layout-flow wp-block-group\"><div class=\"wp-block-group__inner-container\">\n<div class=\"is-layout-flow wp-block-group\"><div class=\"wp-block-group__inner-container\">\n<div class=\"is-layout-flow wp-block-group\"><div class=\"wp-block-group__inner-container\">\n<div class=\"is-layout-flow wp-block-group\"><div class=\"wp-block-group__inner-container\">\n<div class=\"is-layout-flex wp-container-5 wp-block-columns\">\n<div class=\"is-layout-flow wp-block-column\">\n<figure class=\"wp-block-image size-large is-style-circle-mask is-style-default\"><img decoding=\"async\" loading=\"lazy\" width=\"800\" height=\"800\" src=\"https:\/\/meerjungfrei.ch\/wp-content\/uploads\/2021\/02\/DSC05693-scaled-e1614279288490-817x1024-1.jpg\" alt=\"\" class=\"wp-image-976\" srcset=\"https:\/\/meerjungfrei.ch\/wp-content\/uploads\/2021\/02\/DSC05693-scaled-e1614279288490-817x1024-1.jpg 800w, https:\/\/meerjungfrei.ch\/wp-content\/uploads\/2021\/02\/DSC05693-scaled-e1614279288490-817x1024-1-300x300.jpg 300w, https:\/\/meerjungfrei.ch\/wp-content\/uploads\/2021\/02\/DSC05693-scaled-e1614279288490-817x1024-1-150x150.jpg 150w, https:\/\/meerjungfrei.ch\/wp-content\/uploads\/2021\/02\/DSC05693-scaled-e1614279288490-817x1024-1-768x768.jpg 768w\" sizes=\"(max-width: 800px) 100vw, 800px\" \/><figcaption>MIKE<\/figcaption><\/figure>\n<\/div>\n\n\n\n<div class=\"is-layout-flow wp-block-column\">\n<figure class=\"wp-block-image size-large is-style-circle-mask is-style-default\"><img decoding=\"async\" loading=\"lazy\" width=\"800\" height=\"800\" src=\"https:\/\/meerjungfrei.ch\/wp-content\/uploads\/2021\/02\/WhatsApp-Image-2021-02-25-at-18.51.41-1.jpeg\" alt=\"\" class=\"wp-image-977\" srcset=\"https:\/\/meerjungfrei.ch\/wp-content\/uploads\/2021\/02\/WhatsApp-Image-2021-02-25-at-18.51.41-1.jpeg 800w, https:\/\/meerjungfrei.ch\/wp-content\/uploads\/2021\/02\/WhatsApp-Image-2021-02-25-at-18.51.41-1-300x300.jpeg 300w, https:\/\/meerjungfrei.ch\/wp-content\/uploads\/2021\/02\/WhatsApp-Image-2021-02-25-at-18.51.41-1-150x150.jpeg 150w, https:\/\/meerjungfrei.ch\/wp-content\/uploads\/2021\/02\/WhatsApp-Image-2021-02-25-at-18.51.41-1-768x768.jpeg 768w\" sizes=\"(max-width: 800px) 100vw, 800px\" \/><figcaption>TOBI<\/figcaption><\/figure>\n\n\n\n<p><\/p>\n<\/div>\n\n\n\n<div class=\"is-layout-flow wp-block-column\">\n<figure class=\"wp-block-image size-large is-style-circle-mask is-style-default\"><img decoding=\"async\" loading=\"lazy\" width=\"800\" height=\"800\" src=\"https:\/\/meerjungfrei.ch\/wp-content\/uploads\/2021\/02\/WhatsApp-Image-2021-02-25-at-19.48.04-2.jpeg\" alt=\"\" class=\"wp-image-979\" srcset=\"https:\/\/meerjungfrei.ch\/wp-content\/uploads\/2021\/02\/WhatsApp-Image-2021-02-25-at-19.48.04-2.jpeg 800w, https:\/\/meerjungfrei.ch\/wp-content\/uploads\/2021\/02\/WhatsApp-Image-2021-02-25-at-19.48.04-2-300x300.jpeg 300w, https:\/\/meerjungfrei.ch\/wp-content\/uploads\/2021\/02\/WhatsApp-Image-2021-02-25-at-19.48.04-2-150x150.jpeg 150w, https:\/\/meerjungfrei.ch\/wp-content\/uploads\/2021\/02\/WhatsApp-Image-2021-02-25-at-19.48.04-2-768x768.jpeg 768w\" sizes=\"(max-width: 800px) 100vw, 800px\" \/><figcaption>JANINA<\/figcaption><\/figure>\n<\/div>\n<\/div>\n<\/div><\/div>\n<\/div><\/div>\n<\/div><\/div>\n<\/div><\/div>\n\n\n\n<p class=\"has-drop-cap has-small-font-size\">Janina. Ich bin 25 Jahre alt und komme urspr\u00fcnglich aus Erlangen in Deutschland. F\u00fcr meinen Bachelor in Geographie bin ich nach Bamberg gezogen und im Fr\u00fchjahr 2019 f\u00fcr die Liebe und den ersten Job in die Schweiz. Reisen, leckeres Essen und die W\u00e4rme der Sonne im Gesicht macht mich gl\u00fccklich, vor allem in der Gesellschaft meiner liebsten. Die Tatsache mit dem eigenen Zuhause und guten Freunden die Welt zu entdecken erf\u00fcllt mich mit Gl\u00fccksgef\u00fchlen. 2017 habe ich mich n\u00e4mlich nicht nur in Mike, sondern auch in das Segeln verliebt. Einen Motor reparieren und l\u00e4nger als zwei Wochen auf einem Segelschiff war ich vor unserem Reisestart noch nicht. Ich bin aber mit Freude dabei dies alles zu erlernen und an den bevorstehenden Situationen zu wachsen. Obwohl ich im Alltag die Art von Person bin, die gerne von vorne bis hinten alles durchgeplant hat, habe ich bei meinen Reisen &#8211; vor allem auf dem afrikanischen Kontinent &#8211; gelernt und genossen in den Tag hineinzuleben.<\/p>\n\n\n\n<p class=\"has-drop-cap has-text-align-left has-small-font-size\">Mike,  Ich bin 30 Jahre alt und habe 2019 meinen Master in Geographie abgeschlossen. Schon immer war meine Sehnsucht nach dem Reisen gross. Ich durfte bereits einige L\u00e4nder, Kulturen und Menschen auf der ganzen Welt kennenlernen.  Zum Segeln bin ich vor vielen Jahren durch meinen besten Freund gekommen und es hat mich sofort gepackt. Das Gef\u00fchl den Wind im Gesicht zu sp\u00fcren, das Wellenrauschen zu h\u00f6ren und sich lautlos und ohne Motor fortzubewegen hat mich schon immer gl\u00fccklich gemacht. Auf diese Art zu reisen und die Welt zu sehen war schon lange ein Herzenswunsch und ich bin gl\u00fccklich dar\u00fcber, dass dieser Traum nun Wirklichkeit ist. Mein Lebensmotto ist: &#8222;F\u00fcr jedes Problem gibt es eine L\u00f6sung&#8220; dabei ist es mir wichtig nicht zu viel Energie f\u00fcr das Problem an sich zu verschwenden, sondern lieber  sich darauf zu fokussieren, die passende L\u00f6sung zu finden. <\/p>\n\n\n\n<p class=\"has-drop-cap has-small-font-size\">Tobias, 28 Jahre alt und lebe wie die andere Drei auch in Winterthur. Auf Booten und Schiffen habe ich mich schon immer wohlgef\u00fchlt. Schon von kleine auf, war ich auf Motorbooten und bin sp\u00e4ter auch auf Segelschiffen in Kroatien, der T\u00fcrkei und ich Griechenland unterwegs gewesen. Ein gutes Buch, gute Gesellschaft und das Meeresrauschen im Hintergrund und das Leben ist perfekt. Ich bin gelernter Elektriker und mache, wenn ich nicht gerade auf Weltreise bin eine Weiterbildung. <\/p>\n\n\n\n<p><\/p>\n\n\n\n<p><\/p>\n\n\n\n<p><\/p>\n\n\n\n<p><\/p>\n\n\n\n\n\n<p><\/p>\n\n\n\n<p class=\"has-small-font-size\"><\/p>\n","protected":false},"excerpt":{"rendered":"<p>Janina. Ich bin 25 Jahre alt und komme urspr\u00fcnglich aus Erlangen in Deutschland. F\u00fcr meinen Bachelor in Geographie bin ich nach Bamberg gezogen und im Fr\u00fchjahr 2019 f\u00fcr die Liebe und den ersten Job in die Schweiz. Reisen, leckeres Essen und die W\u00e4rme der Sonne im Gesicht macht mich gl\u00fccklich, [&hellip;]<\/p>\n","protected":false},"author":1,"featured_media":0,"parent":0,"menu_order":0,"comment_status":"closed","ping_status":"closed","template":"","meta":{"_monsterinsights_skip_tracking":false,"_monsterinsights_sitenote_active":false,"_monsterinsights_sitenote_note":"","_monsterinsights_sitenote_category":0},"_links":{"self":[{"href":"https:\/\/meerjungfrei.ch\/index.php?rest_route=\/wp\/v2\/pages\/7"}],"collection":[{"href":"https:\/\/meerjungfrei.ch\/index.php?rest_route=\/wp\/v2\/pages"}],"about":[{"href":"https:\/\/meerjungfrei.ch\/index.php?rest_route=\/wp\/v2\/types\/page"}],"author":[{"embeddable":true,"href":"https:\/\/meerjungfrei.ch\/index.php?rest_route=\/wp\/v2\/users\/1"}],"replies":[{"embeddable":true,"href":"https:\/\/meerjungfrei.ch\/index.php?rest_route=%2Fwp%2Fv2%2Fcomments&post=7"}],"version-history":[{"count":108,"href":"https:\/\/meerjungfrei.ch\/index.php?rest_route=\/wp\/v2\/pages\/7\/revisions"}],"predecessor-version":[{"id":1639,"href":"https:\/\/meerjungfrei.ch\/index.php?rest_route=\/wp\/v2\/pages\/7\/revisions\/1639"}],"wp:attachment":[{"href":"https:\/\/meerjungfrei.ch\/index.php?rest_route=%2Fwp%2Fv2%2Fmedia&parent=7"}],"curies":[{"name":"wp","href":"https:\/\/api.w.org\/{rel}","templated":true}]}}