{"id":9,"date":"2020-03-10T13:15:46","date_gmt":"2020-03-10T13:15:46","guid":{"rendered":"https:\/\/meerjungfrei.ch\/?page_id=9"},"modified":"2021-09-23T09:04:24","modified_gmt":"2021-09-23T09:04:24","slug":"schiff","status":"publish","type":"page","link":"https:\/\/meerjungfrei.ch\/?page_id=9","title":{"rendered":"Das Schiff"},"content":{"rendered":"\n<p>In den folgenden Zeilen wollen wir euch gern unser schwimmendes Zuhause, unsere Principessa, etwas n\u00e4her vorstellen: <\/p>\n\n\n\n<p><strong>Typ:<\/strong> Jou\u00ebt 1300<\/p>\n\n\n\n<p><strong>Werft: <\/strong>Yachtig France <\/p>\n\n\n\n<p><strong>Erstmals zu Wasser:<\/strong> 1979<\/p>\n\n\n\n<p><strong>Gr\u00f6sse:<\/strong> 13 m lang, 4.25 m Breite<\/p>\n\n\n\n<p><strong>Tiefgang:<\/strong> 2m<\/p>\n\n\n\n<p><strong>Material: <\/strong>GfK (Glasfaserverst\u00e4rkter Kunststoff)<\/p>\n\n\n\n<p><strong>Motoren Modell: <\/strong>Perkinson 4108<\/p>\n\n\n\n<p><strong>Kabinen Anzahl<\/strong>: 2 <\/p>\n\n\n\n<p><strong>Nasszellen<\/strong>: 2<\/p>\n\n\n\n<p><strong>liebevoller Spitzname:<\/strong> dicke Dame<\/p>\n\n\n\n<div style=\"height:100px\" aria-hidden=\"true\" class=\"wp-block-spacer\"><\/div>\n\n\n\n<p><\/p>\n\n\n\n<p><strong>Was wir besonders an ihr m\u00f6gen:<\/strong> <\/p>\n\n\n\n<ul><li><strong>Das Raumgef\u00fchl<\/strong> der Platz verleiht ihr einen ganz eigenen Charakter. Dadurch, dass der Salon achtern liegt und zusammen mit der Komb\u00fcse einen grossen Raum darstellt, f\u00fchlt sich das Schiff sehr offen und ger\u00e4umig an. Ebenfalls bietet die Principessa mit 2 Kabinen und 6 Schlafm\u00f6glichkeiten gen\u00fcgend R\u00fcckzugsorte und Platz f\u00fcr den Besuch von Freunden und Familie. <\/li><\/ul>\n\n\n\n<figure class=\"wp-block-image size-large\"><img decoding=\"async\" loading=\"lazy\" width=\"600\" height=\"402\" src=\"https:\/\/meerjungfrei.ch\/wp-content\/uploads\/2021\/05\/Jouet-1300-drawing.jpeg\" alt=\"\" class=\"wp-image-1189\" srcset=\"https:\/\/meerjungfrei.ch\/wp-content\/uploads\/2021\/05\/Jouet-1300-drawing.jpeg 600w, https:\/\/meerjungfrei.ch\/wp-content\/uploads\/2021\/05\/Jouet-1300-drawing-300x201.jpeg 300w, https:\/\/meerjungfrei.ch\/wp-content\/uploads\/2021\/05\/Jouet-1300-drawing-360x240.jpeg 360w\" sizes=\"(max-width: 600px) 100vw, 600px\" \/><\/figure>\n\n\n\n<ul><li><strong> Ausr\u00fcstung<\/strong> f\u00fcr Langfahrten. Unser Schiff hat hat vier Solarpanele (mit je 190 Watt) und zwei Windgeneratoren (je 420 Watt). Zudem haben wir noch einen Wassermacher sowie einen zweiten K\u00fchlschrank eingebaut, wodurch unsere Principessa nun absolut autark ist. <\/li><\/ul>\n\n\n\n<div id=\"wp-block-themeisle-blocks-slider-5888756b\" class=\"wp-block-themeisle-blocks-slider glide\" data-per-view=\"1\" data-gap=\"0\" data-peek=\"0\" data-autoplay=\"true\" data-height=\"765px\" data-hide-arrows=\"false\"><div class=\"glide__track\" data-glide-el=\"track\"><div class=\"glide__slides\"><div class=\"wp-block-themeisle-blocks-slider-item-wrapper glide__slide\" tabindex=\"0\"><figure><img decoding=\"async\" class=\"wp-block-themeisle-blocks-slider-item\" src=\"https:\/\/meerjungfrei.ch\/wp-content\/uploads\/2021\/04\/WhatsApp-Image-2021-04-06-at-13.04.32.jpeg\" alt=\"\" title=\"\" data-id=\"1097\"\/><\/figure><\/div><div class=\"wp-block-themeisle-blocks-slider-item-wrapper glide__slide\" tabindex=\"0\"><figure><img decoding=\"async\" class=\"wp-block-themeisle-blocks-slider-item\" src=\"https:\/\/meerjungfrei.ch\/wp-content\/uploads\/2021\/02\/DSC_4178-scaled.jpg\" alt=\"\" title=\"\" data-id=\"902\"\/><\/figure><\/div><div class=\"wp-block-themeisle-blocks-slider-item-wrapper glide__slide\" tabindex=\"0\"><figure><img decoding=\"async\" class=\"wp-block-themeisle-blocks-slider-item\" src=\"https:\/\/meerjungfrei.ch\/wp-content\/uploads\/2021\/04\/WhatsApp-Image-2021-04-06-at-13.08.42.jpeg\" alt=\"\" title=\"\" data-id=\"1099\"\/><\/figure><\/div><div class=\"wp-block-themeisle-blocks-slider-item-wrapper glide__slide\" tabindex=\"0\"><figure><img decoding=\"async\" class=\"wp-block-themeisle-blocks-slider-item\" src=\"https:\/\/meerjungfrei.ch\/wp-content\/uploads\/2020\/10\/WhatsApp-Image-2020-10-11-at-11.38.57-2.jpeg\" alt=\"\" title=\"\" data-id=\"578\"\/><figcaption>Die Komb\u00fcse <\/figcaption><\/figure><\/div><div class=\"wp-block-themeisle-blocks-slider-item-wrapper glide__slide\" tabindex=\"0\"><figure><img decoding=\"async\" class=\"wp-block-themeisle-blocks-slider-item\" src=\"https:\/\/meerjungfrei.ch\/wp-content\/uploads\/2021\/05\/IMG_2058-scaled.jpeg\" alt=\"\" title=\"\" data-id=\"1197\"\/><figcaption>Navigationsecke <\/figcaption><\/figure><\/div><div class=\"wp-block-themeisle-blocks-slider-item-wrapper glide__slide\" tabindex=\"0\"><figure><img decoding=\"async\" class=\"wp-block-themeisle-blocks-slider-item\" src=\"https:\/\/meerjungfrei.ch\/wp-content\/uploads\/2021\/04\/DSC06706-scaled.jpg\" alt=\"\" title=\"\" data-id=\"1149\"\/><\/figure><\/div><div class=\"wp-block-themeisle-blocks-slider-item-wrapper glide__slide\" tabindex=\"0\"><figure><img decoding=\"async\" class=\"wp-block-themeisle-blocks-slider-item\" src=\"https:\/\/meerjungfrei.ch\/wp-content\/uploads\/2020\/10\/WhatsApp-Image-2020-10-11-at-11.38.55-2.jpeg\" alt=\"\" title=\"\" data-id=\"579\"\/><figcaption>Masterkoje<\/figcaption><\/figure><\/div><div class=\"wp-block-themeisle-blocks-slider-item-wrapper glide__slide\" tabindex=\"0\"><figure><img decoding=\"async\" class=\"wp-block-themeisle-blocks-slider-item\" src=\"https:\/\/meerjungfrei.ch\/wp-content\/uploads\/2020\/10\/WhatsApp-Image-2020-10-11-at-11.38.55.jpeg\" alt=\"\" title=\"\" data-id=\"576\"\/><figcaption>An Deck <\/figcaption><\/figure><\/div><div class=\"wp-block-themeisle-blocks-slider-item-wrapper glide__slide\" tabindex=\"0\"><figure><img decoding=\"async\" class=\"wp-block-themeisle-blocks-slider-item\" src=\"https:\/\/meerjungfrei.ch\/wp-content\/uploads\/2020\/06\/Unknown-6.jpeg\" alt=\"\" title=\"\" data-id=\"317\"\/><figcaption>Zus\u00e4tzliche Toilette und Lagerraum im Bug <\/figcaption><\/figure><\/div><\/div><div class=\"glide__bullets\" data-glide-el=\"controls[nav]\"><button class=\"glide__bullet\" data-glide-dir=\"=0\"><\/button><button class=\"glide__bullet\" data-glide-dir=\"=1\"><\/button><button class=\"glide__bullet\" data-glide-dir=\"=2\"><\/button><button class=\"glide__bullet\" data-glide-dir=\"=3\"><\/button><button class=\"glide__bullet\" data-glide-dir=\"=4\"><\/button><button class=\"glide__bullet\" data-glide-dir=\"=5\"><\/button><button class=\"glide__bullet\" data-glide-dir=\"=6\"><\/button><button class=\"glide__bullet\" data-glide-dir=\"=7\"><\/button><button class=\"glide__bullet\" data-glide-dir=\"=8\"><\/button><\/div><\/div><\/div>\n\n\n\n<div style=\"height:100px\" aria-hidden=\"true\" class=\"wp-block-spacer\"><\/div>\n\n\n\n<div style=\"height:100px\" aria-hidden=\"true\" class=\"wp-block-spacer\"><\/div>\n","protected":false},"excerpt":{"rendered":"<p>In den folgenden Zeilen wollen wir euch gern unser schwimmendes Zuhause, unsere Principessa, etwas n\u00e4her vorstellen: Typ: Jou\u00ebt 1300 Werft: Yachtig France Erstmals zu Wasser: 1979 Gr\u00f6sse: 13 m lang, 4.25 m Breite Tiefgang: 2m Material: GfK (Glasfaserverst\u00e4rkter Kunststoff) Motoren Modell: Perkinson 4108 Kabinen Anzahl: 2 Nasszellen: 2 liebevoller Spitzname: [&hellip;]<\/p>\n","protected":false},"author":1,"featured_media":0,"parent":0,"menu_order":0,"comment_status":"closed","ping_status":"closed","template":"","meta":{"_monsterinsights_skip_tracking":false,"_monsterinsights_sitenote_active":false,"_monsterinsights_sitenote_note":"","_monsterinsights_sitenote_category":0},"_links":{"self":[{"href":"https:\/\/meerjungfrei.ch\/index.php?rest_route=\/wp\/v2\/pages\/9"}],"collection":[{"href":"https:\/\/meerjungfrei.ch\/index.php?rest_route=\/wp\/v2\/pages"}],"about":[{"href":"https:\/\/meerjungfrei.ch\/index.php?rest_route=\/wp\/v2\/types\/page"}],"author":[{"embeddable":true,"href":"https:\/\/meerjungfrei.ch\/index.php?rest_route=\/wp\/v2\/users\/1"}],"replies":[{"embeddable":true,"href":"https:\/\/meerjungfrei.ch\/index.php?rest_route=%2Fwp%2Fv2%2Fcomments&post=9"}],"version-history":[{"count":35,"href":"https:\/\/meerjungfrei.ch\/index.php?rest_route=\/wp\/v2\/pages\/9\/revisions"}],"predecessor-version":[{"id":1640,"href":"https:\/\/meerjungfrei.ch\/index.php?rest_route=\/wp\/v2\/pages\/9\/revisions\/1640"}],"wp:attachment":[{"href":"https:\/\/meerjungfrei.ch\/index.php?rest_route=%2Fwp%2Fv2%2Fmedia&parent=9"}],"curies":[{"name":"wp","href":"https:\/\/api.w.org\/{rel}","templated":true}]}}